{"id":148,"date":"2023-05-15T17:00:31","date_gmt":"2023-05-15T20:00:31","guid":{"rendered":"http:\/\/bangalobordadoceu.com.br\/?page_id=148"},"modified":"2025-02-20T08:32:19","modified_gmt":"2025-02-20T11:32:19","slug":"area-de-alimentacao","status":"publish","type":"page","link":"https:\/\/bangalobordadoceu.com.br\/?page_id=148","title":{"rendered":"Informa\u00e7\u00f5es"},"content":{"rendered":"\t\t<div data-elementor-type=\"wp-page\" data-elementor-id=\"148\" class=\"elementor elementor-148\">\n\t\t\t\t\t\t<section class=\"elementor-section elementor-top-section elementor-element elementor-element-194c836c elementor-section-height-min-height elementor-section-boxed elementor-section-height-default elementor-section-items-middle\" data-id=\"194c836c\" data-element_type=\"section\" data-settings=\"{&quot;background_background&quot;:&quot;classic&quot;}\">\n\t\t\t\t\t\t\t<div class=\"elementor-background-overlay\"><\/div>\n\t\t\t\t\t\t\t<div class=\"elementor-container elementor-column-gap-default\">\n\t\t\t\t\t<div class=\"elementor-column elementor-col-100 elementor-top-column elementor-element elementor-element-4aac3690\" data-id=\"4aac3690\" data-element_type=\"column\">\n\t\t\t<div class=\"elementor-widget-wrap elementor-element-populated\">\n\t\t\t\t\t\t<div class=\"elementor-element elementor-element-704b1f4 elementor-widget elementor-widget-heading\" data-id=\"704b1f4\" data-element_type=\"widget\" data-widget_type=\"heading.default\">\n\t\t\t\t<div class=\"elementor-widget-container\">\n\t\t\t\t\t<h1 class=\"elementor-heading-title elementor-size-default\">Informa\u00e7\u00f5es<\/h1>\t\t\t\t<\/div>\n\t\t\t\t<\/div>\n\t\t\t\t<div class=\"elementor-element elementor-element-4f85911c elementor-align-center elementor-widget elementor-widget-button\" data-id=\"4f85911c\" data-element_type=\"widget\" data-widget_type=\"button.default\">\n\t\t\t\t<div class=\"elementor-widget-container\">\n\t\t\t\t\t\t\t\t\t<div class=\"elementor-button-wrapper\">\n\t\t\t\t\t<a class=\"elementor-button elementor-button-link elementor-size-sm elementor-animation-float\" href=\"http:\/\/bangalobordadoceu.com.br\/?page_id=36\">\n\t\t\t\t\t\t<span class=\"elementor-button-content-wrapper\">\n\t\t\t\t\t\t<span class=\"elementor-button-icon\">\n\t\t\t\t<i aria-hidden=\"true\" class=\"fas fa-angle-left\"><\/i>\t\t\t<\/span>\n\t\t\t\t\t\t\t\t\t<span class=\"elementor-button-text\">voltar<\/span>\n\t\t\t\t\t<\/span>\n\t\t\t\t\t<\/a>\n\t\t\t\t<\/div>\n\t\t\t\t\t\t\t\t<\/div>\n\t\t\t\t<\/div>\n\t\t\t\t\t<\/div>\n\t\t<\/div>\n\t\t\t\t\t<\/div>\n\t\t<\/section>\n\t\t\t\t<section class=\"elementor-section elementor-top-section elementor-element elementor-element-421490e elementor-section-content-bottom elementor-section-boxed elementor-section-height-default elementor-section-height-default\" data-id=\"421490e\" data-element_type=\"section\" data-settings=\"{&quot;background_background&quot;:&quot;classic&quot;}\">\n\t\t\t\t\t\t\t<div class=\"elementor-background-overlay\"><\/div>\n\t\t\t\t\t\t\t<div class=\"elementor-container elementor-column-gap-no\">\n\t\t\t\t\t<div class=\"elementor-column elementor-col-100 elementor-top-column elementor-element elementor-element-8170260\" data-id=\"8170260\" data-element_type=\"column\" data-settings=\"{&quot;background_background&quot;:&quot;classic&quot;}\">\n\t\t\t<div class=\"elementor-widget-wrap elementor-element-populated\">\n\t\t\t\t\t\t<section class=\"elementor-section elementor-inner-section elementor-element elementor-element-881a5e9 elementor-section-full_width elementor-reverse-mobile elementor-section-height-default elementor-section-height-default\" data-id=\"881a5e9\" data-element_type=\"section\">\n\t\t\t\t\t\t<div class=\"elementor-container elementor-column-gap-no\">\n\t\t\t\t\t<div class=\"elementor-column elementor-col-50 elementor-inner-column elementor-element elementor-element-796c90e\" data-id=\"796c90e\" data-element_type=\"column\">\n\t\t\t<div class=\"elementor-widget-wrap elementor-element-populated\">\n\t\t\t\t\t\t<div class=\"elementor-element elementor-element-6f54b53 elementor-widget elementor-widget-image\" data-id=\"6f54b53\" data-element_type=\"widget\" data-widget_type=\"image.default\">\n\t\t\t\t<div class=\"elementor-widget-container\">\n\t\t\t\t\t\t\t\t\t\t\t\t\t\t\t<img fetchpriority=\"high\" decoding=\"async\" width=\"2188\" height=\"1563\" src=\"https:\/\/bangalobordadoceu.com.br\/wp-content\/uploads\/2025\/01\/Design-sem-nome-5.png\" class=\"attachment-full size-full wp-image-2236\" alt=\"\" srcset=\"https:\/\/bangalobordadoceu.com.br\/wp-content\/uploads\/2025\/01\/Design-sem-nome-5.png 2188w, https:\/\/bangalobordadoceu.com.br\/wp-content\/uploads\/2025\/01\/Design-sem-nome-5-300x214.png 300w, https:\/\/bangalobordadoceu.com.br\/wp-content\/uploads\/2025\/01\/Design-sem-nome-5-1024x731.png 1024w, https:\/\/bangalobordadoceu.com.br\/wp-content\/uploads\/2025\/01\/Design-sem-nome-5-768x549.png 768w, https:\/\/bangalobordadoceu.com.br\/wp-content\/uploads\/2025\/01\/Design-sem-nome-5-1536x1097.png 1536w, https:\/\/bangalobordadoceu.com.br\/wp-content\/uploads\/2025\/01\/Design-sem-nome-5-2048x1463.png 2048w, https:\/\/bangalobordadoceu.com.br\/wp-content\/uploads\/2025\/01\/elementor\/thumbs\/Design-sem-nome-5-r01nfhrcalp9eghxajzch6g8bf964n1t7am814mkqw.png 700w\" sizes=\"(max-width: 2188px) 100vw, 2188px\" \/>\t\t\t\t\t\t\t\t\t\t\t\t\t\t\t<\/div>\n\t\t\t\t<\/div>\n\t\t\t\t\t<\/div>\n\t\t<\/div>\n\t\t\t\t<div class=\"elementor-column elementor-col-50 elementor-inner-column elementor-element elementor-element-dc41619\" data-id=\"dc41619\" data-element_type=\"column\" data-settings=\"{&quot;background_background&quot;:&quot;classic&quot;}\">\n\t\t\t<div class=\"elementor-widget-wrap elementor-element-populated\">\n\t\t\t\t\t\t<div class=\"elementor-element elementor-element-dc8528d elementor-widget elementor-widget-heading\" data-id=\"dc8528d\" data-element_type=\"widget\" data-widget_type=\"heading.default\">\n\t\t\t\t<div class=\"elementor-widget-container\">\n\t\t\t\t\t<h2 class=\"elementor-heading-title elementor-size-default\">Onde estamos?<\/h2>\t\t\t\t<\/div>\n\t\t\t\t<\/div>\n\t\t\t\t<div class=\"elementor-element elementor-element-9a03413 elementor-widget elementor-widget-text-editor\" data-id=\"9a03413\" data-element_type=\"widget\" data-widget_type=\"text-editor.default\">\n\t\t\t\t<div class=\"elementor-widget-container\">\n\t\t\t\t\t\t\t\t\t<p>O <strong data-start=\"2\" data-end=\"18\">Borda Du C\u00e9u<\/strong> est\u00e1 localizado entre as cidades de <strong data-start=\"55\" data-end=\"81\">Lumin\u00e1rias e Carrancas<\/strong>, dois destinos encantadores no sul de Minas Gerais. Essa regi\u00e3o privilegiada \u00e9 cercada por montanhas, matas preservadas e uma vista panor\u00e2mica espetacular, proporcionando um ref\u00fagio natural perfeito para quem busca conex\u00e3o com a natureza. Com f\u00e1cil acesso por estradas vicinais que ligam os dois munic\u00edpios, o Borda do C\u00e9u se destaca como um ponto especial para apreciar a paisagem \u00fanica da Serra da Boa Vista e vivenciar momentos de paz e contempla\u00e7\u00e3o.<\/p>\t\t\t\t\t\t\t\t<\/div>\n\t\t\t\t<\/div>\n\t\t\t\t<div class=\"elementor-element elementor-element-13d02e6 elementor-align-left elementor-mobile-align-justify elementor-widget elementor-widget-button\" data-id=\"13d02e6\" data-element_type=\"widget\" data-widget_type=\"button.default\">\n\t\t\t\t<div class=\"elementor-widget-container\">\n\t\t\t\t\t\t\t\t\t<div class=\"elementor-button-wrapper\">\n\t\t\t\t\t<a class=\"elementor-button elementor-button-link elementor-size-sm elementor-animation-float\" href=\"https:\/\/maps.app.goo.gl\/fEYTg3XAnFiwPb1x6\">\n\t\t\t\t\t\t<span class=\"elementor-button-content-wrapper\">\n\t\t\t\t\t\t<span class=\"elementor-button-icon\">\n\t\t\t\t<i aria-hidden=\"true\" class=\"fas fa-location-arrow\"><\/i>\t\t\t<\/span>\n\t\t\t\t\t\t\t\t\t<span class=\"elementor-button-text\">localiza\u00e7\u00e3o<\/span>\n\t\t\t\t\t<\/span>\n\t\t\t\t\t<\/a>\n\t\t\t\t<\/div>\n\t\t\t\t\t\t\t\t<\/div>\n\t\t\t\t<\/div>\n\t\t\t\t\t<\/div>\n\t\t<\/div>\n\t\t\t\t\t<\/div>\n\t\t<\/section>\n\t\t\t\t\t<\/div>\n\t\t<\/div>\n\t\t\t\t\t<\/div>\n\t\t<\/section>\n\t\t\t\t<section class=\"elementor-section elementor-top-section elementor-element elementor-element-14b369a elementor-section-content-bottom elementor-section-boxed elementor-section-height-default elementor-section-height-default\" data-id=\"14b369a\" data-element_type=\"section\" data-settings=\"{&quot;background_background&quot;:&quot;classic&quot;}\">\n\t\t\t\t\t\t\t<div class=\"elementor-background-overlay\"><\/div>\n\t\t\t\t\t\t\t<div class=\"elementor-container elementor-column-gap-no\">\n\t\t\t\t\t<div class=\"elementor-column elementor-col-100 elementor-top-column elementor-element elementor-element-63617cf\" data-id=\"63617cf\" data-element_type=\"column\" data-settings=\"{&quot;background_background&quot;:&quot;classic&quot;}\">\n\t\t\t<div class=\"elementor-widget-wrap elementor-element-populated\">\n\t\t\t\t\t\t<section class=\"elementor-section elementor-inner-section elementor-element elementor-element-933449c elementor-section-full_width elementor-reverse-mobile elementor-section-height-default elementor-section-height-default\" data-id=\"933449c\" data-element_type=\"section\">\n\t\t\t\t\t\t<div class=\"elementor-container elementor-column-gap-no\">\n\t\t\t\t\t<div class=\"elementor-column elementor-col-50 elementor-inner-column elementor-element elementor-element-142915c\" data-id=\"142915c\" data-element_type=\"column\">\n\t\t\t<div class=\"elementor-widget-wrap elementor-element-populated\">\n\t\t\t\t\t\t<div class=\"elementor-element elementor-element-8580200 elementor-widget elementor-widget-image\" data-id=\"8580200\" data-element_type=\"widget\" data-widget_type=\"image.default\">\n\t\t\t\t<div class=\"elementor-widget-container\">\n\t\t\t\t\t\t\t\t\t\t\t\t\t\t\t<img decoding=\"async\" width=\"2560\" height=\"1707\" src=\"https:\/\/bangalobordadoceu.com.br\/wp-content\/uploads\/2025\/02\/IMG_3997-scaled.jpg\" class=\"attachment-full size-full wp-image-2282\" alt=\"\" srcset=\"https:\/\/bangalobordadoceu.com.br\/wp-content\/uploads\/2025\/02\/IMG_3997-scaled.jpg 2560w, https:\/\/bangalobordadoceu.com.br\/wp-content\/uploads\/2025\/02\/IMG_3997-300x200.jpg 300w, https:\/\/bangalobordadoceu.com.br\/wp-content\/uploads\/2025\/02\/IMG_3997-1024x683.jpg 1024w, https:\/\/bangalobordadoceu.com.br\/wp-content\/uploads\/2025\/02\/IMG_3997-768x512.jpg 768w, https:\/\/bangalobordadoceu.com.br\/wp-content\/uploads\/2025\/02\/IMG_3997-1536x1024.jpg 1536w, https:\/\/bangalobordadoceu.com.br\/wp-content\/uploads\/2025\/02\/IMG_3997-2048x1365.jpg 2048w\" sizes=\"(max-width: 2560px) 100vw, 2560px\" \/>\t\t\t\t\t\t\t\t\t\t\t\t\t\t\t<\/div>\n\t\t\t\t<\/div>\n\t\t\t\t\t<\/div>\n\t\t<\/div>\n\t\t\t\t<div class=\"elementor-column elementor-col-50 elementor-inner-column elementor-element elementor-element-b1d4904\" data-id=\"b1d4904\" data-element_type=\"column\" data-settings=\"{&quot;background_background&quot;:&quot;classic&quot;}\">\n\t\t\t<div class=\"elementor-widget-wrap elementor-element-populated\">\n\t\t\t\t\t\t<div class=\"elementor-element elementor-element-1629fa4 elementor-widget elementor-widget-heading\" data-id=\"1629fa4\" data-element_type=\"widget\" data-widget_type=\"heading.default\">\n\t\t\t\t<div class=\"elementor-widget-container\">\n\t\t\t\t\t<h2 class=\"elementor-heading-title elementor-size-default\">Reservas<\/h2>\t\t\t\t<\/div>\n\t\t\t\t<\/div>\n\t\t\t\t<div class=\"elementor-element elementor-element-a138440 elementor-widget elementor-widget-text-editor\" data-id=\"a138440\" data-element_type=\"widget\" data-widget_type=\"text-editor.default\">\n\t\t\t\t<div class=\"elementor-widget-container\">\n\t\t\t\t\t\t\t\t\t<p>A <strong data-start=\"2\" data-end=\"24\">reserva dos chal\u00e9s<\/strong> do <strong data-start=\"28\" data-end=\"44\">Borda do C\u00e9u<\/strong> pode ser feita de forma pr\u00e1tica e r\u00e1pida atrav\u00e9s do <strong data-start=\"97\" data-end=\"109\">WhatsApp<\/strong> ou do <strong data-start=\"116\" data-end=\"129\">Instagram<\/strong>. Nossa equipe estar\u00e1 \u00e0 disposi\u00e7\u00e3o para verificar a disponibilidade da data desejada e acompanhar todo o processo, garantindo o suporte necess\u00e1rio para uma estadia tranquila e agrad\u00e1vel. Com atendimento personalizado, nossa miss\u00e3o \u00e9 proporcionar a melhor experi\u00eancia poss\u00edvel, desde a sua reserva at\u00e9 o momento do seu check-out.<\/p>\t\t\t\t\t\t\t\t<\/div>\n\t\t\t\t<\/div>\n\t\t\t\t<div class=\"elementor-element elementor-element-c07bfae elementor-align-left elementor-mobile-align-justify elementor-widget elementor-widget-button\" data-id=\"c07bfae\" data-element_type=\"widget\" data-widget_type=\"button.default\">\n\t\t\t\t<div class=\"elementor-widget-container\">\n\t\t\t\t\t\t\t\t\t<div class=\"elementor-button-wrapper\">\n\t\t\t\t\t<a class=\"elementor-button elementor-button-link elementor-size-sm elementor-animation-float\" href=\"https:\/\/wa.me\/553598524012\">\n\t\t\t\t\t\t<span class=\"elementor-button-content-wrapper\">\n\t\t\t\t\t\t<span class=\"elementor-button-icon\">\n\t\t\t\t<i aria-hidden=\"true\" class=\"fas fa-house-user\"><\/i>\t\t\t<\/span>\n\t\t\t\t\t\t\t\t\t<span class=\"elementor-button-text\">RESERVE AGORA<\/span>\n\t\t\t\t\t<\/span>\n\t\t\t\t\t<\/a>\n\t\t\t\t<\/div>\n\t\t\t\t\t\t\t\t<\/div>\n\t\t\t\t<\/div>\n\t\t\t\t\t<\/div>\n\t\t<\/div>\n\t\t\t\t\t<\/div>\n\t\t<\/section>\n\t\t\t\t\t<\/div>\n\t\t<\/div>\n\t\t\t\t\t<\/div>\n\t\t<\/section>\n\t\t\t\t<section class=\"elementor-section elementor-top-section elementor-element elementor-element-ab7bdb7 elementor-section-content-bottom elementor-section-boxed elementor-section-height-default elementor-section-height-default\" data-id=\"ab7bdb7\" data-element_type=\"section\" data-settings=\"{&quot;background_background&quot;:&quot;classic&quot;}\">\n\t\t\t\t\t\t\t<div class=\"elementor-background-overlay\"><\/div>\n\t\t\t\t\t\t\t<div class=\"elementor-container elementor-column-gap-no\">\n\t\t\t\t\t<div class=\"elementor-column elementor-col-100 elementor-top-column elementor-element elementor-element-1382169\" data-id=\"1382169\" data-element_type=\"column\" data-settings=\"{&quot;background_background&quot;:&quot;classic&quot;}\">\n\t\t\t<div class=\"elementor-widget-wrap elementor-element-populated\">\n\t\t\t\t\t\t<section class=\"elementor-section elementor-inner-section elementor-element elementor-element-b5f6701 elementor-section-full_width elementor-reverse-mobile elementor-section-height-default elementor-section-height-default\" data-id=\"b5f6701\" data-element_type=\"section\">\n\t\t\t\t\t\t<div class=\"elementor-container elementor-column-gap-no\">\n\t\t\t\t\t<div class=\"elementor-column elementor-col-50 elementor-inner-column elementor-element elementor-element-2d69c31\" data-id=\"2d69c31\" data-element_type=\"column\">\n\t\t\t<div class=\"elementor-widget-wrap elementor-element-populated\">\n\t\t\t\t\t\t<div class=\"elementor-element elementor-element-6d778de elementor-widget elementor-widget-image\" data-id=\"6d778de\" data-element_type=\"widget\" data-widget_type=\"image.default\">\n\t\t\t\t<div class=\"elementor-widget-container\">\n\t\t\t\t\t\t\t\t\t\t\t\t\t\t\t<img decoding=\"async\" width=\"6400\" height=\"4266\" src=\"https:\/\/bangalobordadoceu.com.br\/wp-content\/uploads\/2025\/02\/CHALES-PRIVATIVOS-2.png\" class=\"attachment-full size-full wp-image-2688\" alt=\"\" srcset=\"https:\/\/bangalobordadoceu.com.br\/wp-content\/uploads\/2025\/02\/CHALES-PRIVATIVOS-2.png 6400w, https:\/\/bangalobordadoceu.com.br\/wp-content\/uploads\/2025\/02\/CHALES-PRIVATIVOS-2-300x200.png 300w, https:\/\/bangalobordadoceu.com.br\/wp-content\/uploads\/2025\/02\/CHALES-PRIVATIVOS-2-1024x683.png 1024w, https:\/\/bangalobordadoceu.com.br\/wp-content\/uploads\/2025\/02\/CHALES-PRIVATIVOS-2-768x512.png 768w, https:\/\/bangalobordadoceu.com.br\/wp-content\/uploads\/2025\/02\/CHALES-PRIVATIVOS-2-1536x1024.png 1536w, https:\/\/bangalobordadoceu.com.br\/wp-content\/uploads\/2025\/02\/CHALES-PRIVATIVOS-2-2048x1365.png 2048w\" sizes=\"(max-width: 6400px) 100vw, 6400px\" \/>\t\t\t\t\t\t\t\t\t\t\t\t\t\t\t<\/div>\n\t\t\t\t<\/div>\n\t\t\t\t\t<\/div>\n\t\t<\/div>\n\t\t\t\t<div class=\"elementor-column elementor-col-50 elementor-inner-column elementor-element elementor-element-8f4a227\" data-id=\"8f4a227\" data-element_type=\"column\" data-settings=\"{&quot;background_background&quot;:&quot;classic&quot;}\">\n\t\t\t<div class=\"elementor-widget-wrap elementor-element-populated\">\n\t\t\t\t\t\t<div class=\"elementor-element elementor-element-5a0ef49 elementor-widget elementor-widget-heading\" data-id=\"5a0ef49\" data-element_type=\"widget\" data-widget_type=\"heading.default\">\n\t\t\t\t<div class=\"elementor-widget-container\">\n\t\t\t\t\t<h2 class=\"elementor-heading-title elementor-size-default\">Eventos Privados<\/h2>\t\t\t\t<\/div>\n\t\t\t\t<\/div>\n\t\t\t\t<div class=\"elementor-element elementor-element-b8c9d2d elementor-widget elementor-widget-text-editor\" data-id=\"b8c9d2d\" data-element_type=\"widget\" data-widget_type=\"text-editor.default\">\n\t\t\t\t<div class=\"elementor-widget-container\">\n\t\t\t\t\t\t\t\t\t<p>O <strong data-start=\"2\" data-end=\"18\">Borda Du C\u00e9u<\/strong> tamb\u00e9m oferece um espa\u00e7o exclusivo para <strong data-start=\"59\" data-end=\"79\">eventos privados<\/strong>, como <strong data-start=\"86\" data-end=\"100\">casamentos<\/strong>, <strong data-start=\"102\" data-end=\"127\">festas de anivers\u00e1rio<\/strong> e outras celebra\u00e7\u00f5es especiais. Se voc\u00ea est\u00e1 buscando um local \u00fanico e encantador para o seu evento, aqui \u00e9 o lugar ideal. Al\u00e9m de contar com um cen\u00e1rio deslumbrante, voc\u00ea pode alugar <strong data-start=\"312\" data-end=\"345\">todo o espa\u00e7o do Borda Du C\u00e9u<\/strong> para garantir total privacidade e conforto durante sua celebra\u00e7\u00e3o. Nossa equipe est\u00e1 pronta para ajudar em cada detalhe, proporcionando uma experi\u00eancia personalizada e inesquec\u00edvel, com todo o suporte necess\u00e1rio para que o evento seja perfeito.<\/p>\t\t\t\t\t\t\t\t<\/div>\n\t\t\t\t<\/div>\n\t\t\t\t<div class=\"elementor-element elementor-element-3c3e9fb elementor-align-left elementor-mobile-align-justify elementor-widget elementor-widget-button\" data-id=\"3c3e9fb\" data-element_type=\"widget\" data-widget_type=\"button.default\">\n\t\t\t\t<div class=\"elementor-widget-container\">\n\t\t\t\t\t\t\t\t\t<div class=\"elementor-button-wrapper\">\n\t\t\t\t\t<a class=\"elementor-button elementor-button-link elementor-size-sm elementor-animation-float\" href=\"https:\/\/wa.me\/553598524012\">\n\t\t\t\t\t\t<span class=\"elementor-button-content-wrapper\">\n\t\t\t\t\t\t<span class=\"elementor-button-icon\">\n\t\t\t\t<i aria-hidden=\"true\" class=\"fas fa-child\"><\/i>\t\t\t<\/span>\n\t\t\t\t\t\t\t\t\t<span class=\"elementor-button-text\">realize seu evento<\/span>\n\t\t\t\t\t<\/span>\n\t\t\t\t\t<\/a>\n\t\t\t\t<\/div>\n\t\t\t\t\t\t\t\t<\/div>\n\t\t\t\t<\/div>\n\t\t\t\t\t<\/div>\n\t\t<\/div>\n\t\t\t\t\t<\/div>\n\t\t<\/section>\n\t\t\t\t\t<\/div>\n\t\t<\/div>\n\t\t\t\t\t<\/div>\n\t\t<\/section>\n\t\t\t\t<section class=\"elementor-section elementor-top-section elementor-element elementor-element-f9008db elementor-section-content-bottom elementor-section-boxed elementor-section-height-default elementor-section-height-default\" data-id=\"f9008db\" data-element_type=\"section\" data-settings=\"{&quot;background_background&quot;:&quot;classic&quot;}\">\n\t\t\t\t\t\t\t<div class=\"elementor-background-overlay\"><\/div>\n\t\t\t\t\t\t\t<div class=\"elementor-container elementor-column-gap-no\">\n\t\t\t\t\t<div class=\"elementor-column elementor-col-100 elementor-top-column elementor-element elementor-element-e0942e9\" data-id=\"e0942e9\" data-element_type=\"column\" data-settings=\"{&quot;background_background&quot;:&quot;classic&quot;}\">\n\t\t\t<div class=\"elementor-widget-wrap elementor-element-populated\">\n\t\t\t\t\t\t<section class=\"elementor-section elementor-inner-section elementor-element elementor-element-29019a6 elementor-section-full_width elementor-reverse-mobile elementor-section-height-default elementor-section-height-default\" data-id=\"29019a6\" data-element_type=\"section\">\n\t\t\t\t\t\t<div class=\"elementor-container elementor-column-gap-no\">\n\t\t\t\t\t<div class=\"elementor-column elementor-col-50 elementor-inner-column elementor-element elementor-element-b2d55cf\" data-id=\"b2d55cf\" data-element_type=\"column\">\n\t\t\t<div class=\"elementor-widget-wrap elementor-element-populated\">\n\t\t\t\t\t\t<div class=\"elementor-element elementor-element-9f1b820 elementor-widget elementor-widget-image\" data-id=\"9f1b820\" data-element_type=\"widget\" data-widget_type=\"image.default\">\n\t\t\t\t<div class=\"elementor-widget-container\">\n\t\t\t\t\t\t\t\t\t\t\t\t\t\t\t<img loading=\"lazy\" decoding=\"async\" width=\"2560\" height=\"1707\" src=\"https:\/\/bangalobordadoceu.com.br\/wp-content\/uploads\/2025\/01\/BORDADUCEU_COQUETEL-160-scaled.jpg\" class=\"attachment-full size-full wp-image-1995\" alt=\"\" srcset=\"https:\/\/bangalobordadoceu.com.br\/wp-content\/uploads\/2025\/01\/BORDADUCEU_COQUETEL-160-scaled.jpg 2560w, https:\/\/bangalobordadoceu.com.br\/wp-content\/uploads\/2025\/01\/BORDADUCEU_COQUETEL-160-300x200.jpg 300w, https:\/\/bangalobordadoceu.com.br\/wp-content\/uploads\/2025\/01\/BORDADUCEU_COQUETEL-160-1024x683.jpg 1024w, https:\/\/bangalobordadoceu.com.br\/wp-content\/uploads\/2025\/01\/BORDADUCEU_COQUETEL-160-768x512.jpg 768w, https:\/\/bangalobordadoceu.com.br\/wp-content\/uploads\/2025\/01\/BORDADUCEU_COQUETEL-160-1536x1024.jpg 1536w, https:\/\/bangalobordadoceu.com.br\/wp-content\/uploads\/2025\/01\/BORDADUCEU_COQUETEL-160-2048x1365.jpg 2048w\" sizes=\"(max-width: 2560px) 100vw, 2560px\" \/>\t\t\t\t\t\t\t\t\t\t\t\t\t\t\t<\/div>\n\t\t\t\t<\/div>\n\t\t\t\t\t<\/div>\n\t\t<\/div>\n\t\t\t\t<div class=\"elementor-column elementor-col-50 elementor-inner-column elementor-element elementor-element-6ec5716\" data-id=\"6ec5716\" data-element_type=\"column\" data-settings=\"{&quot;background_background&quot;:&quot;classic&quot;}\">\n\t\t\t<div class=\"elementor-widget-wrap elementor-element-populated\">\n\t\t\t\t\t\t<div class=\"elementor-element elementor-element-9c7bc93 elementor-widget elementor-widget-heading\" data-id=\"9c7bc93\" data-element_type=\"widget\" data-widget_type=\"heading.default\">\n\t\t\t\t<div class=\"elementor-widget-container\">\n\t\t\t\t\t<h2 class=\"elementor-heading-title elementor-size-default\">Eventos<\/h2>\t\t\t\t<\/div>\n\t\t\t\t<\/div>\n\t\t\t\t<div class=\"elementor-element elementor-element-b74bca8 elementor-widget elementor-widget-text-editor\" data-id=\"b74bca8\" data-element_type=\"widget\" data-widget_type=\"text-editor.default\">\n\t\t\t\t<div class=\"elementor-widget-container\">\n\t\t\t\t\t\t\t\t\t<p>O <strong>Borda Du C\u00e9u<\/strong> tamb\u00e9m realiza grandes eventos. Nossa equipe se dedica a organizar experi\u00eancias inesquec\u00edveis, criando momentos \u00fanicos que v\u00e3o muito al\u00e9m da hospedagem. Com a beleza natural da regi\u00e3o como pano de fundo, os eventos no Borda Du C\u00e9u s\u00e3o uma oportunidade de vivenciar celebra\u00e7\u00f5es e experi\u00eancias especiais, seja para o p\u00fablico em geral ou para grupos exclusivos. Tudo \u00e9 pensado com aten\u00e7\u00e3o aos detalhes para garantir que cada evento seja memor\u00e1vel.<\/p>\t\t\t\t\t\t\t\t<\/div>\n\t\t\t\t<\/div>\n\t\t\t\t<div class=\"elementor-element elementor-element-596110e elementor-align-left elementor-mobile-align-justify elementor-widget elementor-widget-button\" data-id=\"596110e\" data-element_type=\"widget\" data-widget_type=\"button.default\">\n\t\t\t\t<div class=\"elementor-widget-container\">\n\t\t\t\t\t\t\t\t\t<div class=\"elementor-button-wrapper\">\n\t\t\t\t\t<a class=\"elementor-button elementor-button-link elementor-size-sm elementor-animation-float\" href=\"https:\/\/bangalobordadoceu.com.br\/?page_id=135\">\n\t\t\t\t\t\t<span class=\"elementor-button-content-wrapper\">\n\t\t\t\t\t\t<span class=\"elementor-button-icon\">\n\t\t\t\t<i aria-hidden=\"true\" class=\"fas fa-glass-cheers\"><\/i>\t\t\t<\/span>\n\t\t\t\t\t\t\t\t\t<span class=\"elementor-button-text\">EVENTOS<\/span>\n\t\t\t\t\t<\/span>\n\t\t\t\t\t<\/a>\n\t\t\t\t<\/div>\n\t\t\t\t\t\t\t\t<\/div>\n\t\t\t\t<\/div>\n\t\t\t\t\t<\/div>\n\t\t<\/div>\n\t\t\t\t\t<\/div>\n\t\t<\/section>\n\t\t\t\t\t<\/div>\n\t\t<\/div>\n\t\t\t\t\t<\/div>\n\t\t<\/section>\n\t\t\t\t<\/div>\n\t\t","protected":false},"excerpt":{"rendered":"<p>Informa\u00e7\u00f5es voltar Onde estamos? O Borda Du C\u00e9u est\u00e1 localizado entre as cidades de Lumin\u00e1rias e Carrancas, dois destinos encantadores&hellip;<\/p>\n","protected":false},"author":1,"featured_media":0,"parent":0,"menu_order":0,"comment_status":"closed","ping_status":"closed","template":"elementor_canvas","meta":{"_eb_attr":"","footnotes":""},"class_list":["post-148","page","type-page","status-publish","hentry"],"aioseo_notices":[],"_links":{"self":[{"href":"https:\/\/bangalobordadoceu.com.br\/index.php?rest_route=\/wp\/v2\/pages\/148","targetHints":{"allow":["GET"]}}],"collection":[{"href":"https:\/\/bangalobordadoceu.com.br\/index.php?rest_route=\/wp\/v2\/pages"}],"about":[{"href":"https:\/\/bangalobordadoceu.com.br\/index.php?rest_route=\/wp\/v2\/types\/page"}],"author":[{"embeddable":true,"href":"https:\/\/bangalobordadoceu.com.br\/index.php?rest_route=\/wp\/v2\/users\/1"}],"replies":[{"embeddable":true,"href":"https:\/\/bangalobordadoceu.com.br\/index.php?rest_route=%2Fwp%2Fv2%2Fcomments&post=148"}],"version-history":[{"count":138,"href":"https:\/\/bangalobordadoceu.com.br\/index.php?rest_route=\/wp\/v2\/pages\/148\/revisions"}],"predecessor-version":[{"id":2719,"href":"https:\/\/bangalobordadoceu.com.br\/index.php?rest_route=\/wp\/v2\/pages\/148\/revisions\/2719"}],"wp:attachment":[{"href":"https:\/\/bangalobordadoceu.com.br\/index.php?rest_route=%2Fwp%2Fv2%2Fmedia&parent=148"}],"curies":[{"name":"wp","href":"https:\/\/api.w.org\/{rel}","templated":true}]}}